{"id":9,"date":"2018-04-23T19:47:54","date_gmt":"2018-04-23T19:47:54","guid":{"rendered":"http:\/\/praxis-joachim-leonhardt.de\/?page_id=9"},"modified":"2023-03-14T11:18:39","modified_gmt":"2023-03-14T11:18:39","slug":"preise","status":"publish","type":"page","link":"https:\/\/praxis-joachim-leonhardt.de\/?page_id=9","title":{"rendered":"Preise"},"content":{"rendered":"\n<figure class=\"wp-block-image size-large is-resized\"><img loading=\"lazy\" src=\"http:\/\/praxis-joachim-leonhardt.de\/wp-content\/uploads\/2021\/02\/IMG_2859-1024x683.jpg\" alt=\"\" class=\"wp-image-380\" width=\"524\" height=\"349\" srcset=\"https:\/\/praxis-joachim-leonhardt.de\/wp-content\/uploads\/2021\/02\/IMG_2859-1024x683.jpg 1024w, https:\/\/praxis-joachim-leonhardt.de\/wp-content\/uploads\/2021\/02\/IMG_2859-300x200.jpg 300w, https:\/\/praxis-joachim-leonhardt.de\/wp-content\/uploads\/2021\/02\/IMG_2859-768x512.jpg 768w, https:\/\/praxis-joachim-leonhardt.de\/wp-content\/uploads\/2021\/02\/IMG_2859-2048x1365.jpg 2048w\" sizes=\"(max-width: 524px) 100vw, 524px\" \/><\/figure>\n\n\n<p>\u00a0<\/p>\n<p><span style=\"color: #008080;\">Erstgespr\u00e4ch: \u00a0 \u00a0 \u00a0 \u00a0 \u00a0\u00a0 \u00a0\u00a0\u00a0 50,- \u20ac<\/span><br \/><span style=\"color: #008080;\">60 Minuten:\u00a0\u00a0 \u00a0 \u00a0 \u00a0 \u00a0 \u00a0 \u00a0 \u00a0\u00a0\u00a0 80,- \u20ac<\/span><br \/><span style=\"color: #008080;\">90 Minuten: \u00a0 \u00a0 \u00a0 \u00a0 \u00a0 \u00a0 \u00a0\u00a0\u00a0 120,- \u20ac<\/span><\/p>\n<p><span style=\"color: #008080;\">F\u00fcr Menschen in schwierigen sozialen Situationen stelle ich eine Anzahl <br \/>von Sitzungen zu erm\u00e4\u00dfigtem Honorar zur Verf\u00fcgung.<\/span><\/p>\n<p><span style=\"color: #008080;\">Das Honorar ist direkt im Anschluss an die Therapiesitzung zu entrichten.<\/span><\/p>\n<p><span style=\"color: #008080;\">Als Heilpraktiker f\u00fcr Psychotherapie nach dem Heilpraktikergesetz habe ich keine Kassenzulassung. <br \/><\/span><br \/><span style=\"color: #008080;\">Vor allem privat Versicherte aber auch gesetzlich versicherte\u00a0 k\u00f6nnen mit ihrer Krankenkasse abkl\u00e4ren, <br \/>ob und in welcher H\u00f6he Erstattungen f\u00fcr Sie m\u00f6glich sind.<\/span><br \/><span style=\"color: #008080;\">F\u00fcr das entrichtete Honorar erhalten Sie selbstverst\u00e4ndlich eine entsprechende Rechnung.<\/span><\/p>\n<p style=\"text-align: left;\"><span style=\"color: #008080;\">Vorteile f\u00fcr Selbstzahler:<\/span><\/p>\n<ul>\n<li><span style=\"color: #008080;\">\u00a0Keine langen Wartezeiten; in Krisensituationen erhalten Sie auch kurzfristig<\/span><br \/><span style=\"color: #008080;\">einen Termin, und Sie k\u00f6nnen so Wartezeiten \u00fcberbr\u00fccken, bis Sie einen<\/span><br \/><span style=\"color: #008080;\">Termin bei einem kassenzugelassenen Therapeuten bekommen.<\/span><br \/><span style=\"color: #008080;\">Zudem entstehen keine Wartezeiten f\u00fcr Gutachten zur Kosten\u00fcbernahme<\/span><br \/><span style=\"color: #008080;\">durch die Krankenkassen.<\/span><\/li>\n<li><span style=\"color: #008080;\">Als Selbstzahler unterliegen Sie keinen Sperrfristen.<\/span><\/li>\n<li><span style=\"color: #008080;\">Sie k\u00f6nnen den Therapeuten und die Therapiemethode frei w\u00e4hlen.<\/span><\/li>\n<li><span style=\"color: #008080;\">Niemand erh\u00e4lt Kenntnis davon, dass Sie eine Therapie machen.<\/span><br \/><span style=\"color: #008080;\">Ihre Privatsph\u00e4re ist und bleibt gesch\u00fctzt. Ich unterliege der Schweigepflicht,<\/span><br \/><span style=\"color: #008080;\">so dass Therapie und Inhalte stets vertraulich behandelt werden.<\/span><\/li>\n<\/ul>","protected":false},"excerpt":{"rendered":"<p>\u00a0 Erstgespr\u00e4ch: \u00a0 \u00a0 \u00a0 \u00a0 \u00a0\u00a0 \u00a0\u00a0\u00a0 50,- \u20ac60 Minuten:\u00a0\u00a0 \u00a0 \u00a0 \u00a0 \u00a0 \u00a0 \u00a0 \u00a0\u00a0\u00a0 80,- \u20ac90 Minuten: \u00a0 \u00a0 \u00a0 \u00a0 \u00a0 \u00a0 \u00a0\u00a0\u00a0 120,- \u20ac F\u00fcr Menschen in schwierigen sozialen Situationen stelle ich eine Anzahl von Sitzungen zu erm\u00e4\u00dfigtem Honorar zur Verf\u00fcgung. Das Honorar ist direkt im Anschluss an die &hellip; <\/p>\n<p class=\"link-more\"><a href=\"https:\/\/praxis-joachim-leonhardt.de\/?page_id=9\" class=\"more-link\"><span class=\"screen-reader-text\">\u201ePreise\u201c<\/span> weiterlesen<\/a><\/p>\n","protected":false},"author":1,"featured_media":0,"parent":0,"menu_order":0,"comment_status":"closed","ping_status":"closed","template":"","meta":[],"_links":{"self":[{"href":"https:\/\/praxis-joachim-leonhardt.de\/index.php?rest_route=\/wp\/v2\/pages\/9"}],"collection":[{"href":"https:\/\/praxis-joachim-leonhardt.de\/index.php?rest_route=\/wp\/v2\/pages"}],"about":[{"href":"https:\/\/praxis-joachim-leonhardt.de\/index.php?rest_route=\/wp\/v2\/types\/page"}],"author":[{"embeddable":true,"href":"https:\/\/praxis-joachim-leonhardt.de\/index.php?rest_route=\/wp\/v2\/users\/1"}],"replies":[{"embeddable":true,"href":"https:\/\/praxis-joachim-leonhardt.de\/index.php?rest_route=%2Fwp%2Fv2%2Fcomments&post=9"}],"version-history":[{"count":30,"href":"https:\/\/praxis-joachim-leonhardt.de\/index.php?rest_route=\/wp\/v2\/pages\/9\/revisions"}],"predecessor-version":[{"id":481,"href":"https:\/\/praxis-joachim-leonhardt.de\/index.php?rest_route=\/wp\/v2\/pages\/9\/revisions\/481"}],"wp:attachment":[{"href":"https:\/\/praxis-joachim-leonhardt.de\/index.php?rest_route=%2Fwp%2Fv2%2Fmedia&parent=9"}],"curies":[{"name":"wp","href":"https:\/\/api.w.org\/{rel}","templated":true}]}}